alculate the greatest common divisor of 6110 and 520.
130
What is the greatest common factor of 539 and 154?
77
What is the highest common divisor of 52 and 351?
13
What is the greatest common factor of 6 and 81?
3
Calculate the highest common factor of 567 and 81.
81
Calculate the greatest common factor of 147 and 672.
21
Calculate the highest common factor of 2210 and 65.
65
Calculate the highest common factor of 200 and 25.
25
Calculate the highest common divisor of 110 and 10.
10
Calculate the greatest common factor of 720 and 2070.
90
Calculate the highest common divisor of 3723 and 102.
51
Calculate the greatest common divisor of 360 and 135.
45
Calculate the highest common divisor of 10975 and 25.
25
Calculate the greatest common divisor of 4913 and 17.
17
What is the highest common factor of 80 and 160?
80
What is the highest common divisor of 15 and 35?
5
What is the greatest common divisor of 248 and 62?
62
Calculate the highest common divisor of 57 and 1311.
57
What is the greatest common divisor of 222 and 66?
6
Calculate the greatest common divisor of 39 and 52.
13
Calculate the highest common divisor of 3591 and 1064.
133
Calculate the greatest common factor of 30 and 39930.
30
What is the highest common divisor of 26 and 494?
26
What is the highest common factor of 77121 and 123?
123
What is the highest common factor of 483 and 42?
21
Calculate the greatest common factor of 144 and 11106.
18
Calculate the highest common factor of 6 and 164.
2
Calculate the greatest common divisor of 240 and 2220.
60
What is the greatest common factor of 3348 and 162?
54
What is the greatest common divisor of 76 and 1634?
38
Calculate the greatest common factor of 5 and 410.
5
What is the highest common factor of 2758 and 70?
14
What is the greatest common factor of 59 and 6549?
59
Calculate the highest common divisor of 26 and 4.
2
What is the highest common divisor of 72 and 3492?
36
Calculate the highest common divisor of 28 and 2009.
7
Calculate the highest common divisor of 14 and 186.
2
What is the highest common factor of 25271 and 37?
37
Calculate the greatest common divisor of 68 and 374.
34
Calculate the highest common divisor of 1622 and 8.
2
Calculate the highest common divisor of 747 and 18.
9
Calculate the highest common factor of 12 and 22476.
12
What is the highest common divisor of 67 and 1?
1
Calculate the highest common divisor of 54 and 2358.
18
Calculate the greatest common divisor of 15365 and 105.
35
Calculate the greatest common divisor of 18 and 2.
2
What is the greatest common factor of 54 and 6?
6
What is the greatest common factor of 8 and 614?
2
Calculate the highest common factor of 3 and 933.
3
Calculate the highest common factor of 747 and 18.
9
Calculate the highest common factor of 161 and 437.
23
What is the highest common divisor of 24 and 744?
24
What is the greatest common factor of 420 and 3900?
60
Calculate the greatest common divisor of 1755 and 650.
65
Calculate the highest common divisor of 38 and 2755.
19
Calculate the greatest common factor of 15 and 132.
3
What is the greatest common divisor of 1 and 7?
1
What is the highest common factor of 7199 and 46?
23
What is the highest common factor of 2924 and 629?
17
Calculate the greatest common divisor of 25 and 120.
5
Calculate the highest common divisor of 11 and 2794.
11
What is the highest common factor of 28 and 32?
4
Calculate the highest common divisor of 135 and 585.
45
Calculate the greatest common divisor of 8084 and 376.
188
Calculate the greatest common factor of 1760 and 44.
44
What is the highest common factor of 108 and 2268?
108
What is the greatest common divisor of 168 and 64344?
168
Calculate the greatest common divisor of 102 and 6171.
51
Calculate the highest common divisor of 6 and 4542.
6
Calculate the highest common factor of 189 and 81.
27
What is the greatest common divisor of 2358 and 18?
18
Calculate the highest common factor of 12 and 282.
6
Calculate the highest common divisor of 72 and 25776.
72
What is the highest common divisor of 87 and 33?
3
Calculate the greatest common divisor of 41 and 3321.
41
Calculate the greatest common divisor of 6 and 582.
6
Calculate the highest common factor of 11917 and 17.
17
Calculate the highest common divisor of 2476 and 4.
4
What is the greatest common divisor of 100 and 1150?
50
Calculate the highest common divisor of 34 and 391.
17
What is the greatest common divisor of 4 and 886?
2
Calculate the highest common factor of 10669 and 47.
47
What is the highest common factor of 22 and 4818?
22
What is the greatest common divisor of 1692 and 705?
141
What is the highest common divisor of 25 and 10?
5
What is the highest common factor of 4466 and 1078?
154
Calculate the greatest common factor of 342 and 418.
38
What is the greatest common divisor of 207 and 3?
3
Calculate the highest common divisor of 1224 and 288.
72
What is the highest common divisor of 4 and 1588?
4
What is the greatest common factor of 2768 and 1903?
173
What is the highest common factor of 1387 and 146?
73
What is the greatest common factor of 323 and 76?
19
Calculate the greatest common factor of 3543 and 3.
3
Calculate the greatest common factor of 48 and 20712.
24
What is the highest common divisor of 36 and 72?
36
What is the greatest common factor of 53 and 2597?
53
What is the greatest common factor of 285 and 135?
15
Calculate the highest common factor of 8 and 1676.
4
What is the greatest common divisor of 86 and 13674?
86
What is the highest common factor of 95690 and 70?
70
What is the greatest common divisor of 459 and 6?
3
What is the highest common divisor of 42 and 231?
21
What is the highest common factor of 384 and 48?
48
Calculate the greatest common divisor of 64 and 928.
32
Calculate the greatest common divisor of 15949 and 41.
41
What is the greatest common factor of 15 and 19785?
15
What is the greatest common divisor of 44 and 2057?
11
What is the greatest common factor of 26050 and 100?
50
What is the highest common divisor of 119 and 847?
7
What is the highest common divisor of 78 and 442?
26
Calculate the highest common divisor of 2907 and 76.
19
What is the highest common factor of 42 and 819?
21
Calculate the greatest common factor of 50 and 125.
25
What is the greatest common divisor of 5 and 17?
1
Calculate the highest common factor of 336 and 182.
14
Calculate the highest common divisor of 9694 and 37.
37
Calculate the greatest common factor of 138 and 8.
2
What is the greatest common factor of 13226 and 34?
34
Calculate the greatest common divisor of 915 and 360.
15
What is the highest common divisor of 55 and 143?
11
What is the greatest common divisor of 12 and 2298?
6
Calculate the highest common factor of 18 and 15.
3
What is the greatest common factor of 1190 and 378?
14
What is the greatest common divisor of 162 and 1422?
18
Calculate the greatest common divisor of 496 and 52.
4
Calculate the highest common factor of 174 and 1856.
58
Calculate the greatest common divisor of 2560 and 280.
40
What is the greatest common factor of 104 and 468?
52
Calculate the greatest common divisor of 400 and 50.
50
What is the highest common factor of 1020 and 60?
60
Calculate the highest common factor of 8 and 344.
8
Calculate the greatest common divisor of 518 and 14.
14
Calculate the greatest common factor of 182 and 2678.
26
What is the highest common divisor of 11 and 14267?
11
Calculate the greatest common factor of 8280 and 60.
60
Calculate the highest common factor of 1691 and 89.
89
Calculate the highest common divisor of 975 and 1200.
75
What is the greatest common factor of 913 and 33?
11
Calculate the greatest common divisor of 5 and 295.
5
Calculate the highest common divisor of 1970 and 30.
10
Calculate the highest common divisor of 742 and 212.
106
What is the greatest common factor of 84 and 6636?
84
Calculate the highest common divisor of 194 and 2231.
97
What is the highest common factor of 551 and 87?
29
What is the highest common factor of 29232 and 87?
87
Calculate the greatest common factor of 1265 and 33.
11
Calculate the highest common divisor of 73 and 949.
73
What is the greatest common divisor of 27389 and 61?
61
What is the greatest common factor of 1254 and 114?
114
W